{"id":417,"date":"2025-06-24T15:20:50","date_gmt":"2025-06-24T15:20:50","guid":{"rendered":"https:\/\/reclameinbrabant.nl\/?page_id=417"},"modified":"2025-06-24T15:28:05","modified_gmt":"2025-06-24T15:28:05","slug":"adverteren-op-radio-jnd-in-brabant-gelderland-utrecht-en-limburg","status":"publish","type":"page","link":"https:\/\/reclameinbrabant.nl\/?page_id=417","title":{"rendered":"Adverteren op Radio JND in Brabant, Gelderland, Utrecht en Limburg"},"content":{"rendered":"\t\t<div data-elementor-type=\"wp-page\" data-elementor-id=\"417\" class=\"elementor elementor-417\" data-elementor-post-type=\"page\">\n\t\t\t\t\t\t<section class=\"elementor-section elementor-top-section elementor-element elementor-element-fdab03c elementor-section-boxed elementor-section-height-default elementor-section-height-default\" data-id=\"fdab03c\" data-element_type=\"section\">\n\t\t\t\t\t\t<div class=\"elementor-container elementor-column-gap-default\">\n\t\t\t\t\t<div class=\"elementor-column elementor-col-100 elementor-top-column elementor-element elementor-element-54e3b8c6\" data-id=\"54e3b8c6\" data-element_type=\"column\">\n\t\t\t<div class=\"elementor-widget-wrap elementor-element-populated\">\n\t\t\t\t\t\t<div class=\"elementor-element elementor-element-2b960ece elementor-widget elementor-widget-text-editor\" data-id=\"2b960ece\" data-element_type=\"widget\" data-widget_type=\"text-editor.default\">\n\t\t\t\t<div class=\"elementor-widget-container\">\n\t\t\t\t\t\t\t\t\t\n<h3 class=\"wp-block-heading\"><strong>Adverteren op Radio JND \u2013 Groot bereik voor een klein budget<\/strong><\/h3>\n\n<p>Wil jij jouw bedrijf, product of dienst promoten in Brabant, Gelderland, Utrecht \u00e9n Limburg? Dan is <strong>adverteren op Radio JND<\/strong> d\u00e9 slimme keuze. Met meer dan <strong>250.000 luisteraars<\/strong> per week biedt Radio JND een krachtig platform om jouw boodschap lokaal \u00e9n regionaal te verspreiden.<\/p>\n\n<h3 class=\"wp-block-heading\"><strong>Waarom kiezen voor Radio JND?<\/strong><\/h3>\n\n<p>\ud83d\udd39 <strong>Landelijk \u00e9n regionaal bereik<\/strong> \u2013 Hoorbaar via <strong>DAB+<\/strong>, <strong>KPN Digitale TV (kanaal 834)<\/strong> en de <strong>gratis Radio JND app<\/strong><br \/>\ud83d\udd39 <strong>Focus op Nederlandstalige muziek<\/strong> \u2013 Populair bij een trouwe en brede doelgroep<br \/>\ud83d\udd39 <strong>Betaalbaar starten<\/strong> \u2013 Al vanaf <strong>\u20ac100 per week<\/strong> kun je een radiocampagne starten<br \/>\ud83d\udd39 <strong>Meer dan 250.000 luisteraars<\/strong> \u2013 Jouw boodschap komt \u00e9cht aan<\/p>\n\n<h3 class=\"wp-block-heading\"><strong>Hoe werkt het?<\/strong><\/h3>\n\n<p>Bij <strong>Reclame in Brabant<\/strong> regelen wij jouw radiocampagne van A tot Z. Wij zijn officieel partner van Radio JND en specialist in <strong>regionale radioreclame<\/strong>. Van scripting en productie tot plaatsing en rapportage \u2013 wij zorgen dat jouw campagne maximaal rendeert.<\/p>\n\n<h3 class=\"wp-block-heading\">\ud83d\udcc8<strong> Radioreclame werkt \u00e9cht<\/strong><\/h3>\n\n<p>Wist je dat radioreclame nog steeds \u00e9\u00e9n van de meest effectieve vormen van massacommunicatie is?<\/p>\n\n<ul class=\"wp-block-list\">\n<li>\ud83d\udcca +31% hogere aankoopintentie<\/li>\n\n<li>\ud83d\udce3 +24% stijging in merkherkenning<\/li>\n\n<li>\ud83c\udf10 +14% meer websiteverkeer<\/li>\n<\/ul>\n\n<p>\u00a0<\/p>\n\t\t\t\t\t\t\t\t<\/div>\n\t\t\t\t<\/div>\n\t\t\t\t\t<\/div>\n\t\t<\/div>\n\t\t\t\t\t<\/div>\n\t\t<\/section>\n\t\t\t\t<\/div>\n\t\t","protected":false},"excerpt":{"rendered":"<p>Wil jij jouw bedrijf, product of dienst promoten in Brabant, Gelderland, Utrecht \u00e9n Limburg? Dan is adverteren op Radio JND d\u00e9 slimme keuze. Met meer dan 250.000 luisteraars per week biedt Radio JND een krachtig platform om jouw boodschap lokaal \u00e9n regionaal te verspreiden.<\/p>\n","protected":false},"author":1,"featured_media":0,"parent":0,"menu_order":0,"comment_status":"closed","ping_status":"closed","template":"","meta":{"footnotes":""},"class_list":["post-417","page","type-page","status-publish","hentry"],"aioseo_notices":[],"_links":{"self":[{"href":"https:\/\/reclameinbrabant.nl\/index.php?rest_route=\/wp\/v2\/pages\/417","targetHints":{"allow":["GET"]}}],"collection":[{"href":"https:\/\/reclameinbrabant.nl\/index.php?rest_route=\/wp\/v2\/pages"}],"about":[{"href":"https:\/\/reclameinbrabant.nl\/index.php?rest_route=\/wp\/v2\/types\/page"}],"author":[{"embeddable":true,"href":"https:\/\/reclameinbrabant.nl\/index.php?rest_route=\/wp\/v2\/users\/1"}],"replies":[{"embeddable":true,"href":"https:\/\/reclameinbrabant.nl\/index.php?rest_route=%2Fwp%2Fv2%2Fcomments&post=417"}],"version-history":[{"count":10,"href":"https:\/\/reclameinbrabant.nl\/index.php?rest_route=\/wp\/v2\/pages\/417\/revisions"}],"predecessor-version":[{"id":433,"href":"https:\/\/reclameinbrabant.nl\/index.php?rest_route=\/wp\/v2\/pages\/417\/revisions\/433"}],"wp:attachment":[{"href":"https:\/\/reclameinbrabant.nl\/index.php?rest_route=%2Fwp%2Fv2%2Fmedia&parent=417"}],"curies":[{"name":"wp","href":"https:\/\/api.w.org\/{rel}","templated":true}]}}